119 = -121. What is the greatest common divisor of f and p?
15
Suppose 4*w - 2*f = 2, -5*w + 9*f + 5 = 7*f. What is the highest common divisor of w and 33?
3
Suppose -25*l = -22*l - 78. What is the highest common factor of 16 and l?
2
Suppose -23*k - 9336 = -56601. What is the greatest common divisor of k and 15?
15
Suppose 23*p - 45 = 28*p. Let j(l) = l**3 + 10*l**2 + 5*l - 22. Let t be j(p). Calculate the greatest common divisor of 7 and t.
7
Let w be ((-4)/4)/(6 - 3)*-156. Let i be (0 - (-1 + 1)) + 13. Calculate the greatest common factor of i and w.
13
Let w be -25*22/40*-4. What is the greatest common divisor of w and 352?
11
Let s = 46 + -40. Let u(c) = c**2 - c - 3. Let o be u(s). What is the highest common divisor of 27 and o?
27
Let b(m) = 5*m - 7. Let v(r) = -r - 1. Let s(h) = b(h) + 3*v(h). Let w be s(10). Let j be 25/2*(-24)/(-30). What is the highest common factor of j and w?
10
Let a be 407/3 - 6/9. Suppose 4*m + 17 = 4*c + m, 0 = -4*c - m + 5. Suppose -c*r + 17 = -13. What is the highest common divisor of a and r?
15
Suppose 11*w - 23 = 362. Calculate the greatest common factor of w and 21.
7
Suppose p - 147 = -5*z, 3*z + 3*p = -5 + 86. Suppose 39 = -2*v - 39. Let u = 114 + v. Calculate the greatest common divisor of u and z.
15
Let a = 834 + -534. Calculate the highest common divisor of 12 and a.
12
Suppose -5*c + 4*f = -120, 0*f = -5*c + 3*f + 120. Calculate the highest common divisor of 28 and c.
4
Let t(r) = r**3 - 3*r**2 - 17*r - 42. Let m be t(10). What is the greatest common factor of 8 and m?
8
Suppose -2*g + 2*u + 150 = 0, -5*g - 5*u + 148 + 197 = 0. Let a = 126 + -90. What is the highest common divisor of a and g?
36
Let h be 3*(-1 + 41/3). Suppose -4*i = -5*c - 0*i - 289, 2*c + 110 = -4*i. Let y be (-5 + 3)*c/2. What is the greatest common divisor of y and h?
19
Suppose 15*k - 12*k = 3*q - 159, -109 = -2*q + k. What is the greatest common factor of 112 and q?
56
Suppose -8*y + 3*y = -20. Suppose 0 = 2*v + l - 9, -y*l + 7 = v - 8. Let i be 20 + (v + -4)*2. What is the highest common factor of 9 and i?
9
Let p = -430 + 905. Calculate the greatest common factor of 19 and p.
19
Suppose -7*o - 3*o = -100. Calculate the highest common factor of o and 22.
2
Let h(a) = 110*a - 5. Let w be h(3). Calculate the greatest common factor of w and 25.
25
Suppose s = 3 + 100. Let d = s + -55. Suppose 3*t - 19 = p + 14, -15 = -t - p. What is the greatest common factor of d and t?
12
Let d = 0 + 30. Suppose 0 = -4*p + 9*p - d. Suppose p*w = 3*w + 3. What is the highest common factor of 2 and w?
1
Let l(v) = -v**3 - 12*v**2 + 30*v + 29. Let m be l(-14). What is the greatest common divisor of 4 and m?
1
Let w = -26 + 20. Let h be (w/(-9))/(6/81). What is the greatest common factor of h and 45?
9
Suppose 20 = -4*k - 16. Let p be (8/(-36))/(1/k). What is the greatest common divisor of 5 and p?
1
Let r = 1842 - 882. Calculate the highest common divisor of 80 and r.
80
Suppose -2*i + 4 = 2. Let f(k) = 25*k**2 - 1. Let n be f(i). Suppose 2*x - 24 - n = 0. What is the highest common divisor of x and 12?
12
Suppose 0 = -26*d + 11*d + 330. Suppose f + 352 = 3*f. What is the greatest common factor of d and f?
22
Let r(f) = 6*f**2 + 6*f - 236. Let x be r(24). What is the greatest common divisor of 116 and x?
116
Let n(l) = -l + 7. Let g be n(0). Suppose -8 = -2*t, -3*t = -h + 18 + 26. Calculate the highest common factor of g and h.
7
Let h be 63 - ((-60)/35 - 2/7). Let q = -32 + h. Calculate the highest common factor of 3 and q.
3
Let l(x) = 3*x + 87. Let m be l(19). Suppose 34 = 2*c + u, 0 = 3*c - 3*u - 57 - 3. Calculate the highest common factor of c and m.
18
Let m(f) = f**3 + 8*f**2 + 8*f + 8. Let i be m(-7). Let y be 1/3*792/24. Calculate the greatest common factor of i and y.
1
Let x(c) = c**2 + 2*c + 40. Let a be x(8). Suppose 3*g + 4*p = 24, -2*p - 12 = -4*g + 42. Calculate the greatest common divisor of a and g.
12
Let o = 130 + 2. Let b = o - 42. What is the greatest common factor of b and 10?
10
Suppose -8*m + 150 = -3*m + z, 0 = -3*m + 5*z + 90. What is the greatest common divisor of 110 and m?
10
Let h = 8 + 10. Let s(f) = f - 6. Let j be s(8). Let x(m) = 5*m**2 - 3*m + 4. Let o be x(j). What is the greatest common divisor of o and h?
18
Suppose -36*v + 40*v - 1496 = 0. What is the highest common factor of 34 and v?
34
Let f(s) = -s**2 - 36*s + 146. Let b be f(-33). What is the highest common factor of 196 and b?
49
Suppose -5*s = 4*w - 61, -3*s + s - 5*w = -38. Let c(u) = -5*u + 23. Let v be c(5). Let a be 24/(-12) + (-16)/v. What is the greatest common divisor of s and a?
3
Suppose -2*x - s = -3*x + 9, -4*s - 47 = -5*x. Suppose 4*y - 25 = 155. Let c = x + y. What is the greatest common factor of 8 and c?
8
Suppose -5*z = -4*u + 8*u - 1723, 4*u - 1732 = 4*z. Calculate the greatest common factor of 108 and u.
108
Suppose 0 = 11*m - 1061 - 105. Suppose -102*g - 200 = -m*g. What is the highest common divisor of g and 10?
10
Let r(c) = -628*c**3 - c**2 - 2*c - 1. Let s be r(-1). Suppose i + i - 260 = -4*l, 0 = 5*i - l - s. What is the highest common divisor of 14 and i?
14
Suppose 8 = -186*q + 182*q, -5*q = -4*n + 418. What is the greatest common divisor of 51 and n?
51
Let x = -1232 + 1254. Suppose 210 = -2*c - 0*c. Let r = 49 - c. What is the highest common factor of x and r?
22
Suppose -x - 3 = 0, -n + 3*x - 41 = -3*n. Let l(m) = m**3 + 6*m**2 + 8*m + 10. Let w be l(-4). Calculate the highest common factor of n and w.
5
Suppose 0 = -3*d + 228 + 12. What is the greatest common divisor of 48 and d?
16
Let k = -25 - -19. Let h be (k + 3)*(-3)/9. Let l be ((-1)/(-3))/((-1)/(-3)). What is the highest common factor of h and l?
1
Suppose 0 = -2*i + i + 24. Suppose 11 = 5*q - i. Let v = 0 - -7. What is the highest common factor of v and q?
7
Let a = 75 + -20. Suppose 2*m + 5*m - 77 = 0. Calculate the greatest common factor of m and a.
11
Suppose 0*m = 8*m + 24. Let d = m + 19. What is the greatest common divisor of d and 20?
4
Let m(s) = -s**3 - 52*s**2 - 144*s + 151. Let x be m(-49). Let g be (-8)/(-44) - 9/(-11). What is the greatest common factor of x and g?
1
Suppose -6*o = -9*o - 171. Let b = 88 + o. Calculate the highest common factor of 155 and b.
31
Let z = -61 - -64. Suppose 0 = 5*a - 4*y - 102, 11*y - 15*y + 42 = z*a. Let t = -142 + 268. What is the highest common divisor of t and a?
18
Let y = 4 + 0. Suppose y*r = -12, -5*r = 6*i - i. Suppose -i*v = -0*v - 105. Calculate the greatest common factor of v and 7.
7
Let l be (146/(-1) - (15 - 9))/(-2). Calculate the highest common divisor of 95 and l.
19
Suppose 8*q - 2*q + 96 = 0. Let y be -4 - (q/4 - 64). Calculate the greatest common divisor of y and 16.
16
Suppose -52*z = -17961 - 2631. What is the greatest common factor of 72 and z?
36
Suppose -9*t + 4*t = 2*c - 1394, 825 = 3*t + 5*c. What is the greatest common factor of 5 and t?
5
Let q be (84/18)/((-3)/(-396)*2). What is the highest common divisor of q and 44?
44
Suppose g - 3 = -2*k, -5*k - 5 = 2*g - 8. Calculate the highest common divisor of 333 and g.
9
Let i(q) = q + 11. Let n be i(-9). Let a be n + -6 - -2 - -74. Suppose -w = 2 - 6, 0 = -5*v - 5*w + 110. Calculate the greatest common divisor of a and v.
18
Let p be 21 - ((-153)/45 - 6/10). Calculate the highest common factor of p and 800.
25
Let b(y) = y**3 - 8*y**2 - 10*y + 12. Let v be b(9). Suppose 4*s + 4*h = 84, 4*s + h - v = 72. Calculate the highest common divisor of s and 18.
18
Let z be 4/26 + (-185)/65*-1. What is the highest common divisor of z and 51?
3
Let w(b) = -b**3 + 14*b**2 + 6*b + 50. Let h be w(13). Calculate the highest common divisor of 11 and h.
11
Let p be 78/9 - 4/6. Let w be -8 + (77 + 0 - 5). What is the greatest common divisor of w and p?
8
Let z = -434 + 683. What is the highest common divisor of z and 166?
83
Suppose 2*w - 12 = -2*w. Suppose w*o - 113 = 43. Calculate the highest common divisor of o and 52.
52
Suppose 7*w - 1540 = -21*w. Calculate the highest common factor of w and 11.
11
Suppose -3*d + 8*d + 130 = 0. Let r = 67 - d. Suppose 5*q - r + 18 = 0. What is the greatest common divisor of 75 and q?
15
Let s = 14 + -7. Let r(y) = y**3 - 15*y**2 + 10*y + 16. Let u be r(14). Let n be 96/18 - 5 - u/6. What is the greatest common factor 